*a - 0*a, -5*a + 45 = 5*k. Suppose -2*n = 2*h - 7*h - 115, a*n + 4*h = 244. What are the prime factors of n?
2, 3, 5
Suppose 0 = -6*u + 74 + 46. Suppose 3*o + 7 = -4*b + u, 5*o - 7 = -3*b. What are the prime factors of (o + 4)*-2*-6?
2, 3
Let v = 229 + -386. Let b = 119 - v. What are the prime factors of b?
2, 3, 23
Suppose 166*g + 2316 = 162*g. Let d = 938 + g. What are the prime factors of d?
359
Let q(p) be the third derivative of 7*p**5/15 - 3*p**4/4 + 41*p**3/3 - 114*p**2. What are the prime factors of q(6)?
2, 491
Suppose 3543 = -0*g - 3*g. Let k = 2663 + g. List the prime factors of k.
2, 3, 13, 19
Let d(v) = -26*v**2 - 17*v + 36. Let q(p) = -17*p**2 - 11*p + 24. Let o = -89 - -94. Let f(s) = o*d(s) - 8*q(s). What are the prime factors of f(-5)?
3, 41
Suppose -3*z + 15 = 25*r - 26*r, -2*z = -5*r - 23. Suppose -z*w + 353 = -3*w. List the prime factors of w.
353
Let r = 1044 + -262. Suppose -573 - r = 5*x. Let h = x + 404. List the prime factors of h.
7, 19
Suppose 3*q + 5*j - 1436 = 0, 6*q - 4*q - 5*j - 949 = 0. Let y = -230 + q. What are the prime factors of y?
13, 19
Suppose 5*c - 10*c = -40. Suppose -367 = 5*y + c. Let a = y + 156. List the prime factors of a.
3
Let b(z) = -4*z + 36. Let v be b(6). Let w(f) = f**3 - 12*f**2 + 14*f + 26. What are the prime factors of w(v)?
2, 97
Let f = -15738 + 25564. List the prime factors of f.
2, 17
Suppose -2*b - 145800 = -74*b. List the prime factors of b.
3, 5
Suppose -96*w + 403*w + 5302744 = 18451554. What are the prime factors of w?
2, 5, 4283
Let z(o) = 8*o**3 - 109*o**2 + 35*o + 30. List the prime factors of z(20).
2, 5, 2113
Let n = -126 + 124. What are the prime factors of ((-1952)/3)/(-2) - n/3?
2, 163
Let h(a) be the second derivative of 5*a**3/2 + 17*a**2/2 - 121*a. Let k(l) = 14*l + 1. Let i be k(1). What are the prime factors of h(i)?
2, 11
Let s = 221 - 17. Let p = s + -181. List the prime factors of p.
23
Let r(f) = 16*f + 877. What are the prime factors of r(36)?
1453
Let q = 2656 - -19184. List the prime factors of q.
2, 3, 5, 7, 13
Suppose 4*j - j - l = 0, -j - l = 4. What are the prime factors of (1051/(-4))/(j/4)?
1051
Suppose 3523 = w - 5*m - 6818, 51653 = 5*w + m. List the prime factors of w.
10331
Let o(m) = m - 22. Let t(p) = -4*p + 66. Let l(z) = -10*o(z) - 3*t(z). Let s be l(-11). Suppose s = -5*f + 3*f + 30. List the prime factors of f.
3, 5
Let r(y) = 54*y - 98*y + 67*y. Suppose 0*h = 3*h - 15. List the prime factors of r(h).
5, 23
Suppose -v + 13111 = 2*t, 51 = -5*v + 46. What are the prime factors of t?
2, 11, 149
Let f(j) be the third derivative of j**5/60 - 3*j**4/8 + 7*j**3/2 - 7*j**2. Let m be f(6). Suppose -t = -m - 12. List the prime factors of t.
3, 5
Let i(t) = 10*t**2 + 100*t + 12. What are the prime factors of i(-20)?
2, 503
Let h(l) = -2*l**2 - 14*l + 5. Let s = -46 + 39. Let m be h(s). Suppose 159 + 91 = m*j. List the prime factors of j.
2, 5
List the prime factors of (10/8 - 20/(80/(-201119))) + 8.
3, 16763
Suppose 3*l - 2*o = 10 - 2, o = -1. Suppose 0*i + l*i - 1124 = 0. List the prime factors of i.
2, 281
Let v(t) = -18*t**3 + 7*t**2 - 2*t - 7. Let q = -320 - -317. List the prime factors of v(q).
2, 137
Suppose 4*m - 3*v = 7*m + 57, 3*m = 3*v - 27. Let q(h) = 8*h**2 - 13*h + 9. What are the prime factors of q(m)?
1759
Let y(u) = -15*u**2 - 12*u + 16. Let j(f) = f - 13. Let z be j(6). Let r be y(z). List the prime factors of (r/(-10))/(3/6).
127
Suppose 17*n - 2 = 16*n. Suppose -k + 457 = 5*t, 0 = t - n*k - 2 - 85. Suppose 4*w - 169 = t. What are the prime factors of w?
5, 13
Let k be 0 - (-5 + (1 - -1)). Suppose -2*v = k*x + x - 1928, -5*x + 3*v + 2410 = 0. List the prime factors of x.
2, 241
Let r(j) be the first derivative of -31*j**4/2 + 4*j**3/3 - 5*j**2/2 - 5*j + 320. What are the prime factors of r(-3)?
2, 5, 43
Suppose -154750 - 29596 = -5*h - 3*v, -2*v - 73764 = -2*h. List the prime factors of h.
2, 103, 179
Let w = -628 + 632. Suppose 4*h - 7036 = -w*d, -4*d - 3*h + 2551 = -4480. What are the prime factors of d?
2, 877
Let w = 14001 + -12222. What are the prime factors of w?
3, 593
Let d(w) = w**3 - 6*w + 11. Let h be d(6). Suppose -7*q + 6*q + 97 = o, 2*q - 288 = -3*o. Suppose v = o + h. List the prime factors of v.
3, 5, 19
Suppose 37*n - 186765 = 40593 + 127028. List the prime factors of n.
2, 4789
Let o = -6 + 8. Suppose 30 = 4*u + o*u. Suppose -u*q + 245 = -y, 0 = -q + y + 2*y + 49. What are the prime factors of q?
7
Suppose -4*n + 82796 = 4*v - 7*v, 5*v - 20722 = -n. Suppose -n - 6154 = -36*t. List the prime factors of t.
2, 373
Suppose -112 = -10*g + 8. Suppose g = -22*m + 26*m. Suppose -218 = -4*p + m*p. What are the prime factors of p?
2, 109
Let g(r) = -r**3 + r**2 + 88*r - 294. What are the prime factors of g(-29)?
2, 1399
List the prime factors of (5642/(-65))/(6/(-1455)) + 2/(-1).
13, 1619
Suppose s + 2 = -28. What are the prime factors of (-1014)/(2/3 + 80/s)?
3, 13
Let l(z) = -1209*z - 57. Let b be l(-13). Suppose 0 = -8*h - 4*h + b. Suppose 2*f + 4*q - 492 = 0, -3*f - 2*f + h = -5*q. What are the prime factors of f?
2
Let u be (5/5 - 0)*-1 + 4. Suppose 21*r + 345 = 24*r + u*w, 2*w - 117 = -r. List the prime factors of r.
113
Let i(w) = -w**3 + 4*w**2 + 2*w - 4. Let n be i(4). Let g be (0 - 3) + 2 + 0. List the prime factors of 0/g - 22/n*-6.
3, 11
Let l(v) = 40*v - 56*v + 754*v**2 + 17 - 3*v**3 - 761*v**2. List the prime factors of l(-9).
13, 137
Suppose 0 = -2473*d + 2407*d + 2097876. List the prime factors of d.
2, 23, 691
Let o = -64 + 66. Suppose -2*s = 5*p - 203, -75 = -5*s - o*p + 485. Suppose q - s = j, 0*q + 5*j - 96 = -q. List the prime factors of q.
3, 37
Let x = 38229 + -21005. What are the prime factors of x?
2, 2153
Let a be 12/((-95)/(-20) + -4). Let j = -11 + a. Suppose j*o - 2*o = 240. List the prime factors of o.
2, 5
Let k be 1/7 - (-279)/7. Let j be 1154/6 + (k/12)/5. Suppose -j = -5*r + 207. List the prime factors of r.
2, 5
Let o = 197 + 363. Suppose -3 - 9 = -3*x. Suppose -3*t - 5*j = 2*t - o, -x*t = -2*j - 466. List the prime factors of t.
5, 23
Suppose -19*t + 35868 = -33900. List the prime factors of t.
2, 3, 17
Suppose -49*u - 196 = -47*u. Let x = 37 + u. Let o = 37 - x. What are the prime factors of o?
2, 7
Suppose 4*x + 633 = 645. Suppose 19773 = x*w + 10*w. List the prime factors of w.
3, 13
Let i be 20/130 + (-24)/(-13). Let n be (i*(-5)/2)/(-1). Suppose -4*t + 2*j - 27 + 153 = 0, -3*t - n*j = -62. List the prime factors of t.
29
Let p be (-6)/(-33) + 1976/22. Suppose 5*g - 225 = -5*n, -2*n + 8*g - 3*g + p = 0. Let j = 151 - n. What are the prime factors of j?
2, 53
Let y be 10/(-8)*(-1 - 3). Suppose -340 = -5*f + 4*u, -y*f - 3*u + 240 = -135. Let p = f + -27. What are the prime factors of p?
3, 5
Suppose -51*i + 28 = -44*i. Let d(j) = -18*j + 23. Let h be d(-9). Suppose 0*n - 2*m = i*n - 148, 5*n - h = 4*m. What are the prime factors of n?
37
Let f = 67 - 56. Let o(j) = -j**3 + 11*j**2 + 12. Let s be o(f). Suppose 0 = -s*p - p + 871. What are the prime factors of p?
67
Suppose 0 = -m + 5*h + 32, -6*m + 3*m = -2*h - 148. Suppose -48*i + m*i = -1304. Let u = i - -499. What are the prime factors of u?
173
Let o(p) = -13*p**2 + p**2 - 1 + 4*p**2 - 3*p**3. List the prime factors of o(-6).
359
Let w(t) = -119*t + 61. Let j be w(-9). Suppose j = 27*x - 23*x. What are the prime factors of x?
283
Let c be ((-4)/6 - -2)*9. Suppose 0*g = 6*g - c. Suppose -4*n - g*n = -372. What are the prime factors of n?
2, 31
Let x be 2/6 + (-1 - 1012/(-6)). Let h = x + -118. List the prime factors of h.
2, 5
Suppose 0 = v + 10*r - 5*r - 5, -4*r = 3*v - 15. Suppose -j = -v*i - 400, 6*i - 7*i = -3. What are the prime factors of j?
5, 83
Let f be 76/6 - 3/(-9). Let r = f + -9. Suppose 99 = 3*i - r*m + 3*m, 66 = 2*i + 2*m. What are the prime factors of i?
3, 11
Let s = -4288 + 6266. Suppose -2922 = -14*r + s. What are the prime factors of r?
2, 5, 7
Let k = -3311 - -7543. List the prime factors of k.
2, 23
Suppose 6*k - 2*k = -20. Let m be -3*k/15*2. What are the prime factors of (484/m)/2 - 4/2?
7, 17
Let r be 4/((-5)/((-30)/4)). Let i be r*(-5)/(-9)*(-18)/(-15). Suppose 0 = -5*f + 2*f - 3*d + 267, -i*d + 264 = 3*f. What are the prime factors of f?
2, 23
Suppose 97*j = 86*j + 48092. List the prime factors of j.
2, 1093
